. Calculate the greatest common factor of m and 125.
25
Let p = -9 + 11. Suppose -5*u + 66 = -0*u + p*f, 2*u = 4*f + 12. Calculate the highest common divisor of u and 108.
12
Suppose 0 = s - 0*s - 9. Let o be -2 + 4/((-4)/(-65)). What is the highest common divisor of s and o?
9
Let n = -6 + 13. Let f be 12/(-2 + 62/28). What is the highest common factor of f and n?
7
Let o be (-238)/(-8) - (-1)/4. Let g be (6 + -4)*-1*7. Let u be (-634)/g - 6/21. Calculate the highest common divisor of o and u.
15
Let g be (-4)/18 - 158/18. Let n be (-3)/(g/(-38))*-3. Calculate the highest common divisor of n and 57.
19
Suppose -3*o + 5*h + 10 = 0, -5*o + 0*o - 10 = 5*h. Let x(k) = -k**3 - k - 6. Let l be x(o). Let z = l + 15. What is the highest common factor of 3 and z?
3
Let k be (-1 + 2)/(7*(-3)/(-231)). What is the greatest common divisor of k and 88?
11
Suppose -o = -4*u + 31, 5*o + 11 = -0*u + 4*u. Suppose -3*h + 62 = 2*a, -4*h - h = 4*a - 106. Calculate the greatest common divisor of u and h.
9
Let w be (-6)/(-9) + (-56)/(-6). What is the greatest common factor of 10 and w?
10
Suppose 3*y = a - 169, 15*y - 6 = 12*y. Calculate the highest common factor of a and 7.
7
Let r(q) = -q**3 + 16*q**2 - 19*q - 2. Let t be r(14). Let m = t + -54. What is the highest common divisor of m and 10?
10
Let o(l) = 25*l**3 + 2*l**2 - 3. Let f be o(2). What is the highest common factor of f and 82?
41
Suppose 0 = -4*q - 4*d + 452, 222 = q + q + 3*d. Let c = 40 + -27. Calculate the greatest common divisor of q and c.
13
Let k(a) = a**2 - 3*a - 9. Let p be k(9). Suppose -2*m - 3*m + p = 0. Let s = m + 4. What is the greatest common factor of 26 and s?
13
Suppose 5*r - i = 2*i - 12, -16 = -4*i. Let n be ((-2)/(-5))/((-1)/(-25)). Let v = n + r. Calculate the greatest common divisor of v and 110.
10
Suppose 4*c - 4*f = -28 + 4, 3*c - 14 = -5*f. Let y be (c + 8)/3*-2. Let j be 1 + 11 + y + 3. Calculate the greatest common factor of j and 121.
11
Let k(z) = z**3 - z**2 + z + 2. Let u be k(0). Let r = u - 4. Let f be r/(-3) + 759/9. Calculate the greatest common factor of f and 17.
17
Suppose 5*u - 16 - 4 = 0. Suppose -2*q + 3*q - u*y - 14 = 0, 3*y + 87 = 5*q. What is the highest common factor of q and 18?
18
Suppose -2*r = -4*o + 3*r + 12, o - 3 = 2*r. Suppose o*z = -63 + 171. Calculate the highest common factor of 4 and z.
4
Let g(r) = 17*r**2 + 8*r + 11. Let c be g(-2). Calculate the highest common factor of c and 7.
7
Suppose c - 20 = -0*c. Calculate the greatest common factor of 4 and c.
4
Let q be ((-6)/15)/((-2)/20). Calculate the highest common divisor of 6 and q.
2
Let n be ((-9)/(-2))/((-2)/4). Let v(a) be the first derivative of 2*a**3/3 + 2*a**2 + 9*a + 2. Let d be v(n). What is the highest common divisor of d and 15?
15
Suppose -4*h + 55 + 85 = 4*t, -3*t - 2*h = -109. Calculate the highest common divisor of 13 and t.
13
Suppose 4*u = 7*u - 18. What is the greatest common divisor of u and 3?
3
Suppose 0 = -s + 6*s - 30. Let x = 1 - 3. Let i(f) = -20*f + 2. Let t be i(x). What is the greatest common divisor of s and t?
6
Let a = -37 + 114. Suppose -4*t + 3*j + a = 0, -4*t + j = 5 - 76. Calculate the greatest common divisor of t and 85.
17
Suppose 0 = 2*t - y + 14, t + 4*t - 3*y + 33 = 0. Let r be t/(((-45)/6)/5). Calculate the highest common factor of 9 and r.
3
Suppose 3*h - 225 = -s, -3*s + 2*s + 227 = 5*h. Let c = s + -110. Let i = -52 + c. What is the highest common factor of 12 and i?
12
Suppose 4*o = 2*a - 60, a - 3*a + 95 = 3*o. What is the greatest common divisor of a and 280?
40
Let w(c) = -c**3 - 13*c**2 - 14*c - 6. Let b be w(-12). What is the highest common divisor of b and 198?
18
Let o(i) = -6*i - 3. Let g be o(-4). Let y be (-2)/(-6) - (-26)/3. Suppose -5*j + 26 = -y. Calculate the greatest common factor of g and j.
7
Let i(a) = -a**3 + 16*a**2 - 2*a + 38. Let b be i(16). Calculate the greatest common factor of b and 18.
6
Suppose 0 = 4*y - 14 - 2, -54 = -i - 3*y. Let b be -7*(216/42 + -6). Calculate the greatest common factor of b and i.
6
Suppose 10 = 4*n + n. Suppose 0*f + n*f - 8 = 0. Let d = -1 + 3. Calculate the highest common divisor of d and f.
2
Let g(x) be the second derivative of 5*x**3/6 + 5*x**2/2 + x. Let m(p) = 4*p + 41. Let b be m(-9). Let w be g(b). What is the highest common divisor of 6 and w?
6
Let p(o) = o**2 - 2*o - 1. Let v be p(-5). Let i = 34 + -17. What is the greatest common divisor of i and v?
17
Let v = 641 - 451. Suppose 0 = -2*k + 5*x + v, -5*k - x + 178 = -3*k. Suppose -4*j = 4*n + n - k, 5*j = 0. Calculate the greatest common factor of 9 and n.
9
Let m(r) = 36*r - 4. Let v be m(4). Suppose 5*d + 0*d = v. Calculate the highest common factor of d and 14.
14
Let o be 5/(-2)*(-40)/25. Let l = 1 + o. What is the highest common factor of 40 and l?
5
Let j be ((-1150)/(-95) - 4/38) + -4. Let d = 3 + 29. Calculate the highest common factor of j and d.
8
Suppose -21 = -4*p + 51. What is the highest common factor of p and 198?
18
Let g = 17 + -7. Let s be (-4)/(-10) - (-2052)/20. Let x = s - 33. Calculate the greatest common divisor of g and x.
10
Let f = -55 - -61. What is the greatest common divisor of f and 72?
6
Let o(x) = x**2 + 4*x + 1. Let f be o(-5). Let s = 6 + 53. Let h = -11 + s. Calculate the greatest common factor of h and f.
6
Let n(g) = -g**3 - 8*g**2 - 7*g. Let t be n(-7). Let a be 71 + 0 + 0 + t. Let w = a + 6. Calculate the highest common factor of w and 11.
11
Suppose 5*f = 3*d + 237, -3*d + 7*d - 4 = 0. Suppose f = 2*b - 0. Calculate the greatest common divisor of b and 60.
12
Let m be ((-18)/(-8) - 1)*8. Let n be (63/2)/((-3)/(-6)). Let c = 143 - n. What is the greatest common divisor of m and c?
10
Suppose 0*z - 3*z + 87 = 0. Let h = 48 - z. Calculate the greatest common factor of 38 and h.
19
Let w(l) = 3*l - 2. Let o(r) = -6*r + 4. Let s(q) = 3*o(q) + 7*w(q). Let x be s(1). Let p = 26 + -17. Calculate the greatest common factor of p and x.
1
Suppose 11 = 5*b - 39. Let h = 185 - 95. What is the highest common divisor of h and b?
10
Let h = 0 + -3. Let s(f) = -3*f**3 - 4*f**2 - f + 2. Let w be s(h). Suppose 4*y + 3*r = 4*r + 79, 95 = 5*y - 5*r. What is the greatest common factor of y and w?
10
Let r(v) = -16*v + 1. Let a be r(-2). Let s = 22 + 0. What is the highest common factor of a and s?
11
Let q = -24 + 27. What is the greatest common divisor of q and 3?
3
Let r(l) = l + 7. Let t be r(5). Calculate the greatest common factor of 3 and t.
3
Suppose 5*t + 8 = 58. Let d(c) = c**3 - 11*c**2 + 13*c - 15. Let m be d(10). What is the highest common factor of m and t?
5
Let a(y) = y**3 - 5*y**2 + y - 3. Let z be a(6). Calculate the greatest common factor of 26 and z.
13
Let p = 1409 + -969. Calculate the highest common divisor of 55 and p.
55
Let r(z) = 11*z**2 - 3*z + 3. Let q be r(2). Suppose -4*o + 55 = -q. Calculate the highest common factor of o and 16.
8
Let p be 9/(-3)*1 + 21. Calculate the highest common divisor of p and 12.
6
Let l(d) = d**2 - 6*d - 8. Let v be l(-6). Calculate the highest common factor of v and 48.
16
Let d be (28/(-8))/((-3)/18). Suppose 6 = -3*c + d. What is the greatest common factor of 2 and c?
1
Let o(p) = -29*p - 1. Let f be o(-1). Let u = f + -16. Calculate the greatest common factor of 36 and u.
12
Suppose 150 = 15*w - 0*w. What is the greatest common factor of 230 and w?
10
Suppose b = j + 15, 2*j = -2*b + b + 3. Let l(k) = 2*k**3 - 7*k**2 + 2*k + 3. Let o be l(5). Calculate the greatest common divisor of b and o.
11
Suppose -4*h - 4*b + 80 = -100, -12 = -4*b. Calculate the highest common factor of 28 and h.
14
Suppose -4*l + v = -699, l - 3*v + 32 - 193 = 0. Calculate the greatest common divisor of l and 16.
16
Suppose 5*w + 97 = -108. Let d = 63 + w. Calculate the highest common factor of d and 110.
22
Let b be (-729)/(-18)*(-3)/(-3)*2. Calculate the greatest common factor of 54 and b.
27
Suppose -57 = -6*j + 9. Calculate the highest common divisor of j and 11.
11
Let g(b) = b + 5. Let l be g(-6). Let p be (-1)/((3 + -2)/(-1)). Let u be (-46)/l + (0 - p). Calculate the greatest common divisor of 18 and u.
9
Let t(g) = g + 20. Let a be t(-7). What is the greatest common factor of 65 and a?
13
Let u = 8 + -5. Suppose 0*z + 36 = 3*z - u*k, 0 = 2*k - 8. Suppose -3*y + 128 = -